*z + 5*s. Suppose -2*i + 121 + z = o. List the prime factors of i.
2, 31
List the prime factors of 2/(-4) + (3 - (-120078)/4) + -3.
11, 2729
Suppose -u + 2*b = -b - 26, -5*b = -3*u + 58. Let m be 17*(u + 1 + -2). Let y = m + -85. What are the prime factors of y?
5, 17
Suppose -32*r + 729773 = 56*r - 452595. List the prime factors of r.
2, 3359
Let t = 225 - 152. Let s = -7 + 7. Suppose -3*w + 143 + t = s. What are the prime factors of w?
2, 3
Suppose 2*k - 39132 = 2*x, 5*k = -3*x + 116136 - 18266. What are the prime factors of k?
19571
Suppose -11*r = -12*r + 2. Suppose -9*p = -r*p - 5985. Suppose -21*m + 26*m = p. List the prime factors of m.
3, 19
What are the prime factors of (9 - (-23447)/5)*10/4?
2, 7, 839
Let f(m) = 54*m**3 - 14*m**2 + 3*m - 51. List the prime factors of f(6).
3, 3709
Let d = -59 - -63. Suppose -8 = -d*u + 12. List the prime factors of ((-1)/(-1))/(u/110).
2, 11
Let v = -95 + 99. Suppose v = -2*i + 8. List the prime factors of i/8 + -3 + (-247)/(-4).
59
Suppose 9 = 10*s - 61. Suppose 210 = s*g - 3654. List the prime factors of g.
2, 3, 23
Let u(k) be the second derivative of 11*k**3/2 - 93*k**2/2 - 48*k. List the prime factors of u(13).
2, 3, 7
Let m(g) = 6*g + 150*g**2 + 225 - 250 - 15*g. List the prime factors of m(-3).
2, 13
What are the prime factors of (-1388862)/(-57) + (-10)/2?
17, 1433
Let w(r) = 896*r**2 - 149*r + 2. What are the prime factors of w(-5)?
79, 293
Suppose -v + 4*x + 9 = 0, 0 = 2*v + x + x - 8. Suppose k + 2 = 0, v*z - 6324 = 5*k - 819. What are the prime factors of z?
7, 157
What are the prime factors of ((1900266/(-152))/(-3))/(1/8)?
2, 79, 211
Let b(x) = -49*x**3 - 16*x**2 - 71*x - 70. List the prime factors of b(-10).
2, 5, 1201
Let k(v) = -v**3 - 4*v**2 - 2*v + 5. Let u be k(-3). Suppose -4*q + 1058 = 5*c, -3*c + 2*c - u*q + 208 = 0. Let s = 336 - c. List the prime factors of s.
2, 61
Let a(o) = 328*o - 984. What are the prime factors of a(16)?
2, 13, 41
Let a(y) = -247*y + 1158. What are the prime factors of a(-26)?
2, 5, 379
Let d(w) = -w**2 - 7*w + 39. Let y be d(-10). Let s(a) = 5*a**2 + 7*a + 14. List the prime factors of s(y).
2, 241
Let s(v) = 2*v**3 + 15*v**2 - 12*v - 28. Let j be s(-8). Suppose y - 255 + 1065 = 0. What are the prime factors of (-6)/j + y/(-36)?
3, 7
Let x be 3*4/(-24) - 9729/18. Let z = 512 + 269. Let h = z + x. List the prime factors of h.
2, 3, 5
Let x(w) be the second derivative of 5*w**3/6 + 327*w**2/2 + 189*w. What are the prime factors of x(25)?
2, 113
Let w(h) = -1. Let c(g) = 4*g**2 + 9*g + 2. Let z(m) = c(m) + 5*w(m). Let t be z(-5). Let u = 64 - t. List the prime factors of u.
2, 3
Suppose -2*j + 5*l + 130340 = 0, -205*j + 203*j + 130332 = -3*l. List the prime factors of j.
2, 3, 5, 181
Suppose -3*u + 213*v + 226049 = 218*v, 0 = 2*u - 4*v - 150670. What are the prime factors of u?
59, 1277
Let n = -41 - -46. Suppose 0 = f - 5*l - n, -6*f + f + 2*l + 2 = 0. Suppose 5*y - 625 = -f*y. What are the prime factors of y?
5
Let c(v) = -6*v**2 - 295*v - 76. What are the prime factors of c(-38)?
2, 5, 13, 19
Let b(s) be the first derivative of 38*s - 20 - 1/2*s**2. What are the prime factors of b(21)?
17
Suppose 12*k - 6*k = -24. Let c(a) = -4*a**3 - 3*a**2 - 3*a + 9. List the prime factors of c(k).
229
Suppose -2*x = 117 - 14829. Suppose -10*j + 3574 = -x. What are the prime factors of j?
1093
Suppose 3 = -12*f + 9*f, 4*a - 1606 = -2*f. Let q = -173 + a. What are the prime factors of q?
229
Let c = 3356 - 682. Suppose 29*j - 3010 = c. What are the prime factors of j?
2, 7
Let y(x) = -54*x + 50. Let t(o) = -2*o + 1. Let g(v) = -24*t(v) + 3*y(v). What are the prime factors of g(-10)?
2, 3, 211
List the prime factors of 76983/1532*(5744/(-6))/(-1).
2, 67, 359
List the prime factors of -12*1 + (-109161)/(-13).
3, 5, 13, 43
Let d(i) = 39*i**2 - 158*i + 29. What are the prime factors of d(11)?
2, 5, 7, 43
Suppose 30986 = 5*g - 19614. Let f be g/25 - (-1)/5. Suppose 4*h - f = 175. List the prime factors of h.
5, 29
Let j = -417 + 420. Suppose -4650 = -5*w + 7*f - j*f, 4*f - 1888 = -2*w. What are the prime factors of w?
2, 467
Suppose 2*i = 3*p + 9877, -16*i + 5*p = -11*i - 24690. Suppose 7*x = 6263 + i. List the prime factors of x.
2, 5
Let y(z) be the first derivative of -12*z**2 - 67*z + 13. List the prime factors of y(-10).
173
Suppose -6*p + 5*c = -5*p - 9981, -2*p + c + 19980 = 0. List the prime factors of p.
97, 103
Let t = 2 + -49. Let d be 741/15 + (-6)/15. Let x = t + d. List the prime factors of x.
2
Suppose 17*b + 3919 = 3*b + 4423. Let k = -137 + 232. Let l = b + k. List the prime factors of l.
131
Let d(c) = -13*c + 150. Let f(o) = 23*o - 299. Let n(l) = -7*d(l) - 4*f(l). List the prime factors of n(37).
109
Let p(y) = 2*y**3 + 8*y**2 + 4*y + 8. Let h be p(-6). Let q be (-64)/h - 8/(-5). Suppose q*t - 206 = 6. What are the prime factors of t?
2, 53
Suppose 0 = -2*b + 7*b - 20. Suppose 3*v + 10 = -2*y, 0 = -3*v - 2*y + 7*y - 38. List the prime factors of b/2 + 0 - 774/v.
131
Let k = -18481 + 27476. List the prime factors of k.
5, 7, 257
Suppose -58*a = 20*a + 81*a - 1610988. What are the prime factors of a?
2, 17, 149
Let w = -29 + 29. Suppose 317 = f + 2*x, 5*f + 2*x + 2*x - 1573 = w. What are the prime factors of f?
313
Suppose -f + k = 196, f - 4*k = 6*f + 1025. Let z = f + 323. Suppose y - z = -22. List the prime factors of y.
2, 5
Let l(y) = -y**3 + 3*y**2 + 4*y + 5. Let k = 55 + -57. Let g be l(k). Suppose g*b = 13*b + 660. What are the prime factors of b?
3, 5, 11
List the prime factors of (23 + -24 - -66904) + -17.
2, 53, 631
Let q(v) = 2*v**2 - 6*v + 12. Let m be q(5). Let b = m - 33. What are the prime factors of b*2/2 - -31?
2, 3, 5
Let n(q) = q**2 - 13*q + 8. Let f be n(5). Let y = -32 - f. List the prime factors of 90 + 10 - (-4 + y).
2, 13
Suppose -11513 = -3*c + 3*u + 12220, 2*c - 15837 = -u. What are the prime factors of c?
2, 1979
Suppose -3*t - 462 = 3*w, t + 607 = -5*w + w. Let z = w + 195. What are the prime factors of z?
2, 11
Suppose 2*s + 2*u + 66 = 5*s, 0 = -3*s - 3*u + 81. Suppose s*z = 14*z + 10620. List the prime factors of z.
2, 3, 59
Suppose -2*a - h - 3 = 0, h = 47*a - 43*a - 3. Suppose 0 = 4*y - 9*y. Suppose 3*i + y*i - 108 = a. List the prime factors of i.
2, 3
Let i = 1694 + -974. Suppose -2*n = -11*n + i. List the prime factors of n.
2, 5
Let q(s) = -s**2 - 72*s - 538. What are the prime factors of q(-46)?
2, 7, 47
Suppose -2*b - 5*o = -1109, 2*b - o = o + 1130. Let d = -279 + b. List the prime factors of d.
283
Let n(o) = -87*o + 630. What are the prime factors of n(6)?
2, 3
Suppose -25352 = 16*a - 134200. What are the prime factors of a?
6803
Suppose -14*w + 35 = 357. Let p(t) = -33*t - 126. List the prime factors of p(w).
3, 211
Let u(o) = o**3 + 16*o**2 + 15*o - 2. Let r be u(-15). Let h = r + 4. Suppose d - 3*l = l + 59, -5*l + 183 = h*d. List the prime factors of d.
79
Let k = 21544 + -14430. What are the prime factors of k?
2, 3557
Let z(w) be the second derivative of -w**5/20 - 5*w**4/6 + 2*w**2 - 6*w. Let u be z(-10). Suppose u*f - 97 = 3*f. What are the prime factors of f?
97
Suppose 3*d + 2*k - 5662 = 2163, 0 = -3*k - 21. What are the prime factors of d?
3, 13, 67
Let c be 895 + 2/(6 + 32/(-6)). Let h = 1261 - c. List the prime factors of h.
3, 11
Let m(j) = -2*j**3 - 4*j**2 + 77*j + 14. Let o be m(-9). Let l = 1697 - o. What are the prime factors of l?
2, 3, 23
Let p(d) = 139*d**2 + 299*d - 5887. What are the prime factors of p(20)?
11, 61, 83
Suppose 186*o - 337*o = -1853978. What are the prime factors of o?
2, 7, 877
Let r(m) = -14*m**3 - 3*m + 2. Let k be r(-2). Let d = 124 - k. Let p(j) = 4*j**3 - 6*j**2 + 5*j - 8. List the prime factors of p(d).
2, 43
Suppose h = 2*h - 5. Let b be 173 + (-12)/((-108)/63). Suppose -7*r = -h*r - b. What are the prime factors of r?
2, 3, 5
Let m = -21 - -31. Suppose 0 = -6*q + m + 98. What are the prime factors of 1/(4/399) - q/24?
3, 11
Let k be 153/45 + (-6)/(-10). Suppose 2*v = -k*u + 3886, -7*u + 20 = -11*u. List the prime factors of v.
3, 7, 31
What are the prime factors of 7/(-35) - 26166/(-30)?
2, 109
What are the prime factors of ((-1)/(-3))/((75/66789)/25)?
41, 181
Let z(u) = 8977*u + 13514. What are the prime factors of z(5)?
11, 5309
Let y = 5762 - 3909. Let q = -988